*p - 24 - 5, 3*o - p = 38. What is the greatest common factor of o and 11?
11
Let m = -19 - -23. Let h(i) = i**2 - 3*i - 1. Let g be h(m). Suppose g*u - 41 = 7. What is the greatest common divisor of u and 112?
16
Let y be 0 - 7/((-21)/(-18)). Let t = y + 8. Suppose -n + 8 = t. Calculate the greatest common factor of 6 and n.
6
Suppose -3*x + 2*x = 5*d - 39, 2*x - 4*d = 78. Suppose -q = 6*o - 5*o - 15, -3*q + 43 = 2*o. What is the greatest common factor of x and q?
13
Let i be ((-15)/5 - -7)*-74. Let w = -161 - i. Let k(s) = 3*s. Let l be k(5). What is the highest common divisor of l and w?
15
Let g(a) = a**3 + 7*a**2 - 4*a + 8. Let n be -3 + 16/5 + 36/(-5). Let r be g(n). Calculate the highest common divisor of r and 4.
4
Suppose -4*z + 94 + 6 = 0. Suppose -5*q = s - 6*s - z, s = -4. Calculate the highest common divisor of q and 13.
1
Suppose t = 1, -15*k + 10*k + t + 274 = 0. What is the greatest common factor of 55 and k?
55
Let k be 187/1 - (-6)/(-2). Let m be k/(-12)*6/(-4). What is the greatest common factor of m and 69?
23
Let v = -145 + 150. Suppose 3*q - 61 - 69 = -v*c, 228 = 5*q - 3*c. What is the highest common factor of q and 45?
45
Let m(v) = 2*v**2 - 18*v + 12. Let d be m(13). Suppose -5*l + d = -244. Calculate the greatest common factor of 24 and l.
24
Suppose 2*f = 2*x + 260, -8*f = -9*f + 2*x + 132. What is the greatest common factor of f and 32?
32
Let y be (0 + 1/1)/((-16)/(-352)). Let s be -2 - y/(-12) - (-337)/6. Calculate the greatest common divisor of 8 and s.
8
Let y(x) = 6*x**2 + x + 1. Let d be y(-1). Let s(k) = k**2 + 39*k - 169. Let b be s(-43). What is the greatest common factor of d and b?
3
Suppose -5*z - 2*c = -3*c - 526, -4*z + 3*c = -423. Calculate the greatest common divisor of z and 1005.
15
Let n be (-50)/(-6) + 2/(-6). Suppose -5*f - 59 = 71. Let l = f + 28. Calculate the highest common divisor of n and l.
2
Suppose 0 = -7*c + 1671 - 152. What is the highest common factor of c and 7?
7
Let v be (-15)/(-6)*8/10. Suppose 7 = -v*u + 3*u. Let b(g) = 6*g**3 + g**2 + g + 2. Let a be b(2). What is the greatest common divisor of a and u?
7
Let t(n) = -3*n - 3. Suppose z + 4*u = 5*z + 28, -2*z + 3*u - 16 = 0. Let a be t(z). What is the greatest common divisor of 18 and a?
6
Suppose -61*t + 3906 = -52*t. Calculate the greatest common divisor of t and 28.
14
Let l = -128 - -174. Suppose -l = 15*z - 1396. Let n = 8 - -2. Calculate the greatest common factor of z and n.
10
Let q be 254*(12/8)/3. Let s = q + -51. Let b = -4 + s. What is the greatest common factor of b and 9?
9
Let t = -1883 - -1946. What is the highest common factor of 91 and t?
7
Suppose -u = -2*c + u - 54, 0 = -3*c - 4*u - 95. Let o = 99 + c. What is the greatest common factor of 10 and o?
10
Suppose -7*f = -13*f + 72. Suppose j + 2*u - 5 = 11, 4*j = 3*u + 75. Calculate the greatest common divisor of f and j.
6
Let y(p) = -p**2 + 23*p. Let z(v) = 2*v**2 - 5*v + 10. Let j be z(4). Let l be y(j). Calculate the greatest common divisor of l and 44.
22
Let n(l) = -16*l**3 + 2*l + 1. Let p be (0/(-1 - 1))/1. Suppose -4*o + 8 = p, o + 3 - 2 = -3*u. Let f be n(u). What is the highest common divisor of 135 and f?
15
Let f = 0 - 1. Let h = f + 2. Suppose 0 = -652*o + 630*o + 66. Calculate the greatest common divisor of o and h.
1
Suppose k - 49*k = -720. Let f be ((-10)/4)/((-1)/66). What is the greatest common divisor of f and k?
15
Let f be (-47)/(-2) + -1 + (-15)/10. Let j be -2*3/2*-1. What is the highest common factor of f and j?
3
Let u be 9 + 16/(160/30). Let q be 1*-1 - (-27 - -2). Calculate the highest common divisor of q and u.
12
Let d = -23 + 42. Let u be ((-1)/4)/(d/(-988)). Suppose 3*t + 50 = 245. Calculate the greatest common divisor of u and t.
13
Suppose 0 = 2*t + 2*t - 1400. What is the greatest common divisor of t and 100?
50
Let m(w) = -4*w + 1. Let d be m(1). Let l be -3 + (9 - d) + -4. Calculate the highest common factor of l and 2.
1
Let j(p) = p**2 - 10*p + 16. Let n be j(9). Let o be (-10)/n*(-6)/((-18)/(-21)). Calculate the highest common divisor of 20 and o.
10
Suppose -47 = -2*b + 19. Suppose 8*o - 88 = 4*o. Calculate the greatest common divisor of o and b.
11
Let a be (-24 + 29)*-1*(-7)/5. What is the greatest common divisor of a and 56?
7
Let t be 3 + 16 + -7 + 8. Let v be 30/7 - 6/21. Suppose -2*n = -v*n + 100. What is the highest common divisor of n and t?
10
Suppose 286 = 3*z - 86. Calculate the greatest common divisor of z and 62.
62
Suppose -2*d + 3*q - 2 + 14 = 0, 4*q = -5*d - 16. Suppose -4*l - 3*v = -d*l - 248, -3*v + 183 = 3*l. What is the highest common factor of l and 10?
5
Let a = -66 - -68. Suppose h - 41 - 86 = 4*u, -a*h - 5*u + 280 = 0. Calculate the greatest common divisor of 45 and h.
45
Let j(v) = -v**3 - 12*v**2 - 5*v - 50. Let w be j(-12). Suppose -26 = -k - 3*q, -5*k + 2*q + 135 - 39 = 0. What is the highest common divisor of w and k?
10
Let n(u) = 12*u - 7 - 8 + 10. Let l(x) = -12*x + 4. Let k(c) = 4*l(c) + 3*n(c). Let b be k(-2). Calculate the highest common factor of 10 and b.
5
Let c be 4072/10 + -3 - (-68)/(-340). Calculate the greatest common divisor of 909 and c.
101
Suppose 0 = 13*o - 8*o - 240. Calculate the highest common factor of 612 and o.
12
Let z(f) be the third derivative of f**4/8 - f**3 + f**2. Let h be z(-3). Let u be 7/(-1)*(2 + h). What is the greatest common factor of u and 13?
13
Let a be 1 + 4/(16/12). Suppose -5*n + 2*n - 85 = -2*z, -a*z + 220 = 4*n. Calculate the highest common divisor of 10 and z.
10
Let p = 83 + -34. Suppose -4*l = n + 5 - p, 4*n = 5*l + 113. What is the highest common factor of 16 and n?
16
Suppose 126 = 6*b - 5*b. Let k = b - 51. Calculate the highest common divisor of k and 25.
25
Let z = 189 - 129. Suppose -i - 20 = -5*i - 2*r, 2*r + 7 = 5*i. Suppose i*t = t + 30. What is the greatest common divisor of t and z?
15
Let v be (-6)/(-1) - 4/(28/(-91)). Calculate the highest common divisor of 171 and v.
19
Suppose -21*t + 31*t = 90. Calculate the highest common factor of 72 and t.
9
Let j(b) be the second derivative of 8*b**3/3 - 6*b**2 + 12*b. Let n be j(15). Calculate the greatest common factor of 57 and n.
57
Suppose -2*d + 5 + 5 = 0. Suppose 55 = d*x + 20. Calculate the highest common divisor of 7 and x.
7
Let b be (-7)/(-2) + 12/8. Suppose 21 = 13*o - b. Calculate the greatest common divisor of o and 22.
2
Suppose -5*x - 3*j + 524 = 0, x - 123 = 5*j - 35. Suppose -5*k - 5*o = -125, -7*k + 3*k - 3*o = -x. What is the greatest common factor of 4 and k?
4
Suppose 0*v + 4*v + 24 = 4*d, -5*d - 4*v + 3 = 0. What is the greatest common factor of d and 24?
3
Suppose 8*g + 632 = 87*g. Let o(n) = -n**2 + n + 1. Let z be o(0). Calculate the greatest common factor of g and z.
1
Let q(m) = -m**3 - 2*m**2 + m - 1. Let a be q(-3). Suppose 0 = -0*g + a*g + 10. Let z be 275 - g*6/(-4). What is the highest common factor of 34 and z?
34
Suppose -8*m = -22*m + 504. What is the greatest common factor of 264 and m?
12
Let m = 2 - 6. Let f be (-9)/(m + (-33)/(-6)). Let c be (f/(-9))/(8/228). What is the highest common factor of c and 133?
19
Let s(k) = k**2 - 2*k + 5. Let g(c) = c**2 - 11*c + 14. Let t be g(10). Let x be s(t). Let b = 85 + 6. Calculate the highest common divisor of b and x.
13
Suppose 0 = -11*l + 13*l. Suppose l*b = 4*b - 128. Calculate the greatest common divisor of b and 4.
4
Let p(d) = -11*d - d - d - 4. Suppose 4*s - g + 13 = 0, 0 = 7*s - 2*s + 2*g + 26. Let k be p(s). What is the highest common factor of k and 6?
6
Let q(i) = -10*i - 5. Let j be q(-3). Suppose -4*v + j = v. Suppose v*x = 2*p + 19 + 17, 0 = -4*p - 12. Calculate the greatest common divisor of x and 42.
6
Let r(j) = -j**2 - 8*j - 4. Suppose 0*m = -4*m - z + 3, 0 = 4*m + 3*z - 1. Let q = -4 - m. Let s be r(q). Calculate the greatest common divisor of 44 and s.
11
Let t be ((-8)/(-16))/(1/8). Suppose n - 15 = -s, -2*s = -t*n + 4 - 10. What is the highest common divisor of 11 and s?
11
Suppose 4*j - f = 50, 44 = 4*j - 0*j - 4*f. Calculate the greatest common factor of 390 and j.
13
Let j = 12 + -8. Suppose 646 = j*c - 434. Calculate the greatest common factor of c and 30.
30
Let q = 15 - 69. Let x = q + 57. Calculate the greatest common factor of x and 9.
3
Let b(k) = -k**3 + k**2 + 11*k + 4. Suppo